e number?
True
Is 456401 a composite number?
True
Is 50537 prime?
False
Is 4201 a composite number?
False
Is 312727 prime?
True
Is 2649667 a composite number?
True
Is 130627 prime?
False
Is 605662 composite?
True
Is 2937377 a composite number?
False
Is 14447 prime?
True
Is 378379 a prime number?
True
Is 9743 a composite number?
False
Is 19387 a composite number?
False
Is 1961 composite?
True
Is 6599 prime?
True
Is 2831 prime?
False
Is 7637 a composite number?
True
Is 42949 composite?
True
Is 110339 prime?
True
Is 2411 composite?
False
Is 1342007 prime?
True
Is 21241 prime?
False
Is 192791 a composite number?
False
Is 214 a prime number?
False
Is 30111 composite?
True
Is 17503 prime?
False
Is 30241 prime?
True
Is 100129 prime?
True
Is 804598 composite?
True
Is 383153 a composite number?
False
Is 101771 composite?
False
Is 4213 a composite number?
True
Is 647 prime?
True
Is 62747 a prime number?
False
Is 16519 prime?
True
Is 279511 composite?
False
Is 23945 a composite number?
True
Is 328093 prime?
True
Is 122582 a prime number?
False
Is 18973 a prime number?
True
Is 518603 composite?
True
Is 871413 prime?
False
Is 1400099 a prime number?
False
Is 247529 composite?
False
Is 1299853 composite?
False
Is 25618 prime?
False
Is 44249 composite?
False
Is 56039 prime?
True
Is 146779 a composite number?
True
Is 26627 prime?
True
Is 14971 prime?
False
Is 563 a prime number?
True
Is 423565 prime?
False
Is 57871 composite?
True
Is 595139 a prime number?
True
Is 1130315 prime?
False
Is 173237 a composite number?
True
Is 11311 prime?
True
Is 36415 composite?
True
Is 29527 a prime number?
True
Is 17817 a composite number?
True
Is 2777 a composite number?
False
Is 346497 composite?
True
Is 37603 a prime number?
False
Is 432077 composite?
True
Is 2099 a prime number?
True
Is 9838 prime?
False
Is 318783 prime?
False
Is 165143 composite?
True
Is 33127 prime?
False
Is 360541 a composite number?
False
Is 4633 a prime number?
False
Is 591257 prime?
False
Is 13918 a prime number?
False
Is 135173 a prime number?
True
Is 218129 prime?
False
Is 2317 a prime number?
False
Is 17785 a composite number?
True
Is 344059 a composite number?
True
Is 31379 a composite number?
False
Is 360749 a composite number?
False
Is 146443 a prime number?
False
Is 22807 prime?
True
Is 93131 a composite number?
False
Is 164869 composite?
True
Is 4541 a prime number?
False
Is 511897 prime?
True
Is 3579 composite?
True
Is 306967 composite?
True
Is 7477 prime?
True
Is 15191 composite?
True
Is 9413 a prime number?
True
Is 9029 composite?
False
Is 4441 composite?
False
Is 1267 composite?
True
Is 729977 a prime number?
True
Is 1314307 a prime number?
False
Is 531841 a prime number?
True
Is 15634 a composite number?
True
Is 11197 a prime number?
True
Is 968339 prime?
False
Is 24071 composite?
False
Is 28387 prime?
True
Is 11626 composite?
True
Is 10167 composite?
True
Is 342997 composite?
True
Is 9689 composite?
False
Is 9411 prime?
False
Is 440641 prime?
True
Is 797 composite?
False
Is 879562 composite?
True
Is 130983 composite?
True
Is 9143 a prime number?
False
Is 18041 a prime number?
True
Is 23315 composite?
True
Is 3659 prime?
True
Is 1361 prime?
True
Is 2741 a composite number?
False
Is 355029 a prime number?
False
Is 244721 prime?
True
Is 4111 composite?
False
Is 9509 a prime number?
False
Is 8209 a composite number?
False
Is 233153 composite?
True
Is 4581383 a prime number?
True
Is 71761 a prime number?
True
Is 479887 a composite number?
True
Is 309019 a composite number?
False
Is 156923 prime?
False
Is 46651 prime?
False
Is 6421477 a composite number?
False
Is 862697 prime?
False
Is 34769 a prime number?
False
Is 33503 prime?
True
Is 11777 composite?
False
Is 116789 a prime number?
True
Is 20621 composite?
True
Is 72719 prime?
True
Is 60721 composite?
True
Is 42239 prime?
True
Is 187 prime?
False
Is 261571 composite?
True
Is 182579 a composite number?
False
Is 102413 a prime number?
False
Is 278337 composite?
True
Is 8251 a composite number?
True
Is 353327 a composite number?
True
Is 1727843 a composite number?
True
Is 1161326 prime?
False
Is 24839 composite?
True
Is 70351 a prime number?
True
Is 841931 a prime number?
True
Is 1558757 composite?
False
Is 1055 a composite number?
True
Is 498917 a prime number?
False
Is 4562 composite?
True
Is 27611 composite?
False
Is 69221 prime?
True
Is 9235 a composite number?
True
Is 5909 prime?
False
Is 1373839 a composite number?
False
Is 10129 a prime number?
False
Is 32995 prime?
False
Is 182199 a composite number?
True
Is 23367 a composite number?
True
Is 34807 prime?
True
Is 7162 prime?
False
Is 33133 a prime number?
False
Is 18897 prime?
False
Is 755329 prime?
True
Is 10559 composite?
False
Is 178393 prime?
True
Is 54667 a prime number?
True
Is 27659 prime?
False
Is 3299 a composite number?
False
Is 214187 a composite number?
True
Is 751477 prime?
False
Is 10541 a prime number?
False
Is 274627 a composite number?
False
Is 687223 composite?
False
Is 7907 composite?
False
Is 5839 prime?
True
Is 41014 composite?
True
Is 14073 prime?
False
Is 545289 composite?
True
Is 60985 a prime number?
False
Is 231559 a composite number?
False
Is 15661 a prime number?
True
Is 3919 prime?
True
Is 831899 composite?
False
Is 911 a prime number?
True
Is 32467 a composite number?
False
Is 555589 prime?
True
Is 22891 prime?
False
Is 14519 a composite number?
False
Is 1191373 a composite number?
False
Is 3251 a prime number?
True
Is 33107 a prime number?
True
Is 93733 prime?
False
Is 250303 a prime number?
False
Is 5407 prime?
True
Is 5311 a prime number?
False
Is 71191 composite?
False
Is 272729 prime?
False
Is 22757 prime?
False
Is 714169 a prime number?
True
Is 3389 prime?
True
Is 56437 a composite number?
False
Is 419 a prime number?
True
Is 893 a prime number?
False
Is 2004361 prime?
False
Is 150151 a composite number?
False
Is 1027553 a composite number?
True
Is 231017 composite?
False
Is 24359 composite?
False
Is 13093 a composite number?
False
Is 89 prime?
True
Is 48905 a prime number?
False
Is 1633033 a prime number?
True
Is 168289 a composite number?
True
Is 268841 prime?
True
Is 66767 a composite number?
True
Is 14354 prime?
False
Is 393 composite?
True
Is 17519 a prime number?
True
Is 106993 a prime number?
True
Is 5471 a composite number?
False
Is 1009 prime?
True
Is 164173 a prime number?
True
Is 563623 a prime number?
True
Is 31051 a prime number?
True
Is 4937 a prime number?
True
Is 270299 a prime number?
True
Is 123911 prime?
True
Is 43229 prime?
False
Is 92329 a composite number?
True
Is 26821 a prime number?
True
Is 215407 a prime number?
False
Is 63719 prime?
True
Is 20671 a composite number?
True
Is 97673 a prime number?
True
Is 15569 a composite number?
False
Is 25969 prime?
True
Is 66985 a prime number?
False
Is 1154023 composite?
True
Is 1428698 prime?
False
Is 120857 composite?
True
Is 3239 composite?
True
Is 5227 a prime number?
True
Is 27767 a prime number?
True
Is 438706 a prime number?
False
Is 59089 composite?
True
Is 13579 a prime number?
False
Is 2531 a composite number?
False
Is 3127 prime?
False
Is 1678861 a composite number?
False
Is 10193 composite?
False
Is 1157977 prime?
True
Is 181315 prime?
False
Is 429851 a composite number?
False
Is 37441 prime?
True
Is 28733 prime?
False
Is 1243139 a prime number?
False
Is 621721 a composite number?
False
Is 49947 a composite number?
True
Is 138731 a prime number?
True
Is 199859 prime?
False
Is 87473 a prime number?
True
Is 337 a prime number?
True
Is 340467 prime?
False
Is 70097 a composite number?
True
Is 1817 composite?
True
Is 438797 a prime number?
False
Is 1084579 composite?
False
Is 120763 a composite number?
False
Is 38314 a composite number?
True
Is 15217 a composite number?
False
Is 514223 a composite number?
True
Is 7829 a composite number?
False
Is 29338 a composite number?
True
Is 4751 prime?
True
Is 9923 composite?
False
Is 142906 prime?
False
Is 267469 a composite number?
False
Is 9923 composite?
False
Is 69467 composite?
False
Is 408271 prime?
True
Is 443503 a composite number?
True
Is 27509 composite?
False
Is 33391 a composite number?
False
Is 25229 a prime number?
True
Is 46533 prime?
False
Is 136589 a prime number?
False
Is 3071 composite?
True
Is 748589 a composite num